e factors of t.
7
Let f(x) = 219*x - 62. List the prime factors of f(3).
5, 7, 17
Let l(m) = 5*m**2 - 6*m - 25. Let y be l(12). Suppose 5*g = 32 + y. What are the prime factors of g?
131
Let c = -20 - 41. Let q = 121 + c. What are the prime factors of q?
2, 3, 5
Suppose -h = -3*h + 748. Let b = 633 - h. List the prime factors of b.
7, 37
Let f be (-12)/(3/18*-1). Suppose -2*m + f = 2*m. Suppose m = 3*h - 6. List the prime factors of h.
2
Suppose 0 = -19*t - 6375 + 42323. What are the prime factors of t?
2, 11, 43
Let v = -43 + 47. Suppose -v*d = 5*g - 321, -2*g - 3*g = 3*d - 237. List the prime factors of d.
2, 3, 7
Let o(c) = -5*c + 6. Let n(t) = -t + 1. Let x(b) = 4*n(b) - o(b). Let y be x(3). Suppose y = -3*m + 25. List the prime factors of m.
2
Let n = -119 - -123. Suppose r + 223 = 2*r - n*d, 0 = 2*r + 5*d - 394. List the prime factors of r.
3, 23
Let m be 40/6*6/5. Suppose x - 5*g = 0, m = 2*x + 2*g - 4. Suppose 4*h + 33 = x*h. List the prime factors of h.
3, 11
Let o be (2 - -206)/(-2*(-3)/(-9)). Let p = -206 - o. List the prime factors of p.
2, 53
Let p(f) = 2*f**2 + 31*f + 45. List the prime factors of p(-16).
61
Suppose -k = -2*o - 0*k + 6332, 2*o + 5*k - 6320 = 0. What are the prime factors of o?
3, 5, 211
Suppose 0 = 3*a - 3*b - 6, -b - 3*b = -5*a + 15. What are the prime factors of a?
7
Suppose -11 = 4*m + 3*w - 120, -140 = -5*m - 5*w. Let y = -13 + m. List the prime factors of y.
2, 3
Let q(p) = p**3 - 15*p**2 + p - 9. Let o be q(15). Suppose -3*n - 2*h + 415 = 0, 5*n + 136 = o*n + 3*h. List the prime factors of n.
139
Let d(w) = -33*w**3 + 2*w**2 - 1. Let t be (-2 - -8)*143/66. Let j = -14 + t. List the prime factors of d(j).
2, 17
Suppose 6564 = 85*g - 25991. What are the prime factors of g?
383
List the prime factors of (22/(-55))/(((-8)/(-730))/(-4)).
2, 73
Suppose 2*c - 7 + 5 = 0. Suppose 0 = -a - 5 - c. Let r = 40 + a. What are the prime factors of r?
2, 17
Let k = -2 - -9. What are the prime factors of ((-14)/(-8)*-1)/(k/(-56))?
2, 7
Let i be 3 - -100 - (-2)/2. Suppose 0*j + j - i = 0. What are the prime factors of j?
2, 13
Let g be (6 + (7 - 16))*(0 - 1). Let z = 9 - 5. Suppose z*l = 2*k - 110, -k + g*l + 109 = k. List the prime factors of k.
53
Suppose 4*h - 581 + 1899 = 5*u, -4*h = -u + 1326. What are the prime factors of (h/3)/((-2)/3)?
2, 83
Let d(q) = -4*q**2 + 10*q + 19. Let r be d(-5). Let o = 243 + r. What are the prime factors of o?
2, 7
Let l = -3445 - -5483. List the prime factors of l.
2, 1019
Suppose -180 = -4*l - 44. List the prime factors of (l/(-3))/((-4)/24).
2, 17
Let m(y) = -6*y + 63. List the prime factors of m(10).
3
Let p be (0/(-2))/(-4 - -5). Suppose -4*w + 0*w + 716 = p. Suppose -28 + 133 = 3*g + 3*l, 0 = 5*g + 3*l - w. What are the prime factors of g?
37
Suppose r - 2310 = -m, 50*m - 46*m - 11546 = -5*r. What are the prime factors of r?
2, 1153
Let b(j) be the second derivative of j**5/20 - j**4/6 - j**3/2 + 3*j**2/2 + 2*j - 13. Let o be (-1)/2 + 18/4. List the prime factors of b(o).
23
Let g be (1 - -2 - 2)*2/2. List the prime factors of (2 + 65)*2 - -2*g.
2, 17
Let m be (-4)/(-6) - (-50)/15. Let v(w) = 19*w + 2 - m - 8*w. What are the prime factors of v(2)?
2, 5
Suppose 48 = -4*r - 0*r. Suppose 11*l + 96 = 2*f + 9*l, -2*f = -5*l - 99. Let v = r + f. What are the prime factors of v?
5, 7
Let b = 2256 + -781. List the prime factors of b.
5, 59
Let z = 757 - 20. What are the prime factors of z?
11, 67
Let z be (-8)/12*(1 - 4). Let i(a) = a**3 + a**2 - a - 1. Let w be i(z). Suppose 7 = t - w. List the prime factors of t.
2
Let q(j) = -4*j - 2*j + j**3 - 7 + 9 - 7*j**2 - 2*j**3. Let k be q(-6). Suppose 4*w + 2*l - 56 = 0, -5*w + 96 = -k*l - 2*l. List the prime factors of w.
2
Let d(v) be the second derivative of -v**3 - 21*v**2 - 12*v. What are the prime factors of d(-16)?
2, 3
Suppose 0 = -5*a - 5*g - 80, 0*a - 4*g = -a + 4. Let r be 3/(((-20)/(-930))/(2/9)). Let f = a + r. List the prime factors of f.
19
Let x(v) = -4*v - 1. Suppose 0 = -2*c - 13 - 9. List the prime factors of x(c).
43
Let f(b) = -b**2 + 16*b + 26. Let g be f(21). Let u = 29 - g. What are the prime factors of u?
2, 3
Suppose 11*r - 6*r + 215 = 0. Let u = r - -64. Let t = u + -12. What are the prime factors of t?
3
Suppose -p = 5*y - 335, -25*p - 3*y + 327 = -24*p. List the prime factors of p.
3, 5, 7
Let p(r) = -r + 2*r + 0*r - 3*r + 3. Let n be p(-2). Suppose -a = -n*a + 294. List the prime factors of a.
7
List the prime factors of 2/7 + -222*(-4236)/252.
2, 3, 311
Suppose -10*j = -8*j + 8, -5310 = -5*t - 5*j. What are the prime factors of t?
2, 13, 41
Let t(d) = -d**2 - 14*d - 21. Let v be t(-11). List the prime factors of ((945/v)/(-5))/((-3)/12).
3, 7
What are the prime factors of 76/(-114)*(-10074)/4?
23, 73
Let x be 33/(-22)*(-1)/(3/8). Suppose -x*w = j - 0*w - 189, 0 = 5*w + 10. What are the prime factors of j?
197
Suppose 4*y = -2*l + y - 3, -3*y = 3. Let m = -14 + l. Let j(r) = -r**3 - 12*r**2 + 22*r - 11. What are the prime factors of j(m)?
73
Let n = -10 - -5. Let o = 8 + n. Suppose -o*i + 40 + 20 = 0. What are the prime factors of i?
2, 5
Let t(j) = j**3 + 13*j**2 - j + 27. Let c be t(-14). Let y = c - -397. List the prime factors of y.
2, 11
Let z = -374 - -2835. List the prime factors of z.
23, 107
Suppose 4 = -5*z - 16. Let q = 0 + z. What are the prime factors of (-11 + 1)/(q/8)?
2, 5
Suppose 0 = 14*w - 11354 - 2016. List the prime factors of w.
5, 191
Let y = -1637 - -2888. List the prime factors of y.
3, 139
Let i be (-6)/4*4/6. Let v be i - (0 - (-2)/(-2)). Suppose -3*b - b + 44 = v. List the prime factors of b.
11
Suppose 2*c = l - 31, -10*l + 14*l - 3*c = 109. What are the prime factors of l?
5
Suppose -4*r - n = -1537, 4*r + 0*n - 1534 = -2*n. What are the prime factors of r?
5, 7, 11
Let y(o) be the first derivative of -o**4/4 + 7*o**3/3 - o**2 - 9*o + 4. Let i be (225/(-6))/(-5)*6/9. What are the prime factors of y(i)?
31
Suppose 1941 = 5*n + 2*b, 1170 = 3*n + 21*b - 18*b. What are the prime factors of n?
3, 43
Let b be 124/14 - 8/(-56). Let x be -4*(-5)/(b - -1). List the prime factors of ((-153)/(-3) + 3)/x.
3
Suppose -17658 = -32*j + 15846. List the prime factors of j.
3, 349
Suppose 5*j - 3*j + 3*l - 79 = 0, 5*j - 165 = -l. Suppose -16 = 2*f + j. Let x = f + 40. What are the prime factors of x?
2
Suppose -11*m = -3*m + 24. List the prime factors of 33*((-28)/12 - m).
2, 11
Let h(s) = s**3 + 3*s**2 - 4*s + 1. Let p be h(-4). Suppose 3*m + 124 - 37 = 4*n, 0 = m + p. List the prime factors of n.
3, 7
Let a(l) = -l**3 + 4*l**2 + 5*l - 7. Let w be a(5). Let r = w - -11. Suppose -4*n = 5*m - 72, n + 1 = -5*m + r. List the prime factors of n.
23
Let q(m) be the first derivative of 7*m**2 + 6*m - 5. Let v(l) = -l - 1. Let g(p) = q(p) + 6*v(p). List the prime factors of g(5).
2, 5
Suppose -3*q - 3*l = -6*q - 6, -8 = -3*q - 4*l. Suppose q = c + 3*c - 4432. What are the prime factors of c/24 - (-2)/(-12)?
2, 23
List the prime factors of (-550)/(-44)*(-6 + 282).
2, 3, 5, 23
Let n(o) be the second derivative of -3/2*o**2 + 0 + 1/2*o**3 + 1/6*o**4 + 1/20*o**5 + 5*o. List the prime factors of n(2).
19
Let q = 80 - 45. What are the prime factors of (-212)/(-7) + (-10)/q?
2, 3, 5
Let s = -39 - -37. Let z(d) = 20*d**2 + 3*d + 3. List the prime factors of z(s).
7, 11
Let c(f) = -f**3 - f**2 + 4*f - 1. Let q be c(-3). Suppose -3*m = -q*m - 62. List the prime factors of 3/(-6)*0 - m.
31
Let l(z) = 2*z**2 + 3*z - 4. Suppose 0 = -5*d - 5*r + 10, -6*d + 5*r = -d - 30. Suppose d*b + 9 = -11. List the prime factors of l(b).
31
Let v(n) be the first derivative of 11*n**2/2 - 7*n - 8. List the prime factors of v(2).
3, 5
Let g(w) = w - 3. Let z = -8 + 13. Let v be g(z). List the prime factors of ((-26)/(-4))/(v/4).
13
Let m(v) = v**2 + 7*v - 4. Let a be m(-9). Let s = a + -26. What are the prime factors of (-415)/(-20) - 3/s?
3, 7
Suppose -4*a = 35 + 17. Let r = a + 9. Let p(c) = -8*c - 5. List the prime factors of p(r).
3
Let f(n) = -7*n**3 + 9*n**2 - 10*n + 5. Let p(b) = 15*b**3 - 17*b**2 + 19*b - 10. Let l(r) = 13*f(r) + 6*p(r). What are the prime factors of l(13)?
3, 5
Let i(u) = -u + 14. Let a be i(14). Suppose 9*n - 940 - 1130 = a. List the prime factors of n.
2, 5, 23
Let j(a) = -2*a**2 - 12*a - 2. Let v be j(-5). Supp